prime factors of 431738?
2, 53, 4073
List the prime factors of 886393.
257, 3449
List the prime factors of 841110.
2, 3, 5, 23, 53
List the prime factors of 664960.
2, 5, 1039
What are the prime factors of 573650?
2, 5, 7, 11, 149
What are the prime factors of 1518519?
3, 506173
List the prime factors of 3466520.
2, 5, 79, 1097
List the prime factors of 8513293.
37, 230089
List the prime factors of 396987.
3, 132329
What are the prime factors of 11029?
41, 269
What are the prime factors of 302975?
5, 12119
What are the prime factors of 10489647?
3, 7, 499507
What are the prime factors of 2285265?
3, 5, 73, 2087
List the prime factors of 5266279.
577, 9127
What are the prime factors of 6754997?
1453, 4649
What are the prime factors of 6560025?
3, 5, 47, 1861
What are the prime factors of 10247839?
7, 911, 1607
List the prime factors of 2193623.
41, 53503
List the prime factors of 26525867.
26525867
What are the prime factors of 1371177?
3, 131, 1163
What are the prime factors of 165943?
31, 53, 101
List the prime factors of 860321.
7, 11, 11173
List the prime factors of 611790.
2, 3, 5, 20393
List the prime factors of 316330.
2, 5, 7, 4519
What are the prime factors of 2039297?
13, 103, 1523
What are the prime factors of 11668181?
7, 439, 3797
List the prime factors of 1948452.
2, 3, 11, 29, 509
What are the prime factors of 2130818?
2, 1065409
What are the prime factors of 561652?
2, 7, 13, 1543
List the prime factors of 762374.
2, 89, 4283
List the prime factors of 2397427.
151, 15877
List the prime factors of 8497655.
5, 19, 89449
List the prime factors of 2132487.
3, 7, 3761
List the prime factors of 1891857.
3, 11, 57329
What are the prime factors of 114361?
13, 19, 463
List the prime factors of 585287.
197, 2971
What are the prime factors of 6008408?
2, 7, 19, 5647
What are the prime factors of 10285235?
5, 2057047
What are the prime factors of 3644497?
3644497
What are the prime factors of 78543?
3, 2909
List the prime factors of 1076079.
3, 409, 877
List the prime factors of 5661025.
5, 127, 1783
List the prime factors of 9315862.
2, 4657931
List the prime factors of 4458064.
2, 13, 21433
List the prime factors of 136456.
2, 37, 461
List the prime factors of 7152769.
13, 550213
What are the prime factors of 18035395?
5, 7, 67, 7691
What are the prime factors of 466692?
2, 3, 38891
List the prime factors of 5455618.
2, 7, 389687
List the prime factors of 3799624.
2, 293, 1621
List the prime factors of 7266.
2, 3, 7, 173
What are the prime factors of 139949?
349, 401
What are the prime factors of 27903?
3, 71, 131
What are the prime factors of 15831021?
3, 5277007
What are the prime factors of 241595?
5, 211, 229
What are the prime factors of 4059?
3, 11, 41
What are the prime factors of 59602?
2, 17, 1753
List the prime factors of 148853.
148853
What are the prime factors of 228806?
2, 233, 491
List the prime factors of 11200774.
2, 13, 430799
What are the prime factors of 910791?
3, 7, 61, 79
What are the prime factors of 533223?
3, 29, 227
What are the prime factors of 2043215?
5, 408643
What are the prime factors of 1503363?
3, 501121
What are the prime factors of 1879242?
2, 3, 313207
What are the prime factors of 17861800?
2, 5, 11, 23, 353
What are the prime factors of 1323213?
3, 23, 127, 151
List the prime factors of 1858295.
5, 19, 31, 631
List the prime factors of 10854.
2, 3, 67
List the prime factors of 1036985.
5, 157, 1321
List the prime factors of 5784732.
2, 3, 160687
What are the prime factors of 90069?
3, 7, 4289
What are the prime factors of 488393?
17, 28729
List the prime factors of 11972924.
2, 79, 37889
What are the prime factors of 15185687?
11, 1380517
What are the prime factors of 233023?
7, 33289
What are the prime factors of 1424484?
2, 3, 39569
What are the prime factors of 5045880?
2, 3, 5, 7, 6007
What are the prime factors of 316490?
2, 5, 31649
What are the prime factors of 29573541?
3, 73, 45013
List the prime factors of 1918251.
3, 213139
List the prime factors of 3498662.
2, 229, 7639
What are the prime factors of 6770745?
3, 5, 19, 7919
What are the prime factors of 433946?
2, 216973
List the prime factors of 8554.
2, 7, 13, 47
What are the prime factors of 361339?
11, 107, 307
What are the prime factors of 366787?
366787
What are the prime factors of 567086?
2, 13, 17, 1283
What are the prime factors of 184?
2, 23
What are the prime factors of 4255929?
3, 157627
List the prime factors of 750877.
97, 7741
What are the prime factors of 310049?
310049
What are the prime factors of 1430073?
3, 19, 8363
What are the prime factors of 993316?
2, 167, 1487
What are the prime factors of 1536999?
3, 512333
What are the prime factors of 759847?
11, 67, 1031
List the prime factors of 11094816.
2, 3, 115571
List the prime factors of 939416.
2, 117427
What are the prime factors of 2983982?
2, 1491991
List the prime factors of 1325830.
2, 5, 11, 17, 709
What are the prime factors of 22789321?
167, 136463
What are the prime factors of 13680242?
2, 491, 13931
What are the prime factors of 445707?
3, 49523
What are the prime factors of 216501?
3, 72167
What are the prime factors of 37716377?
67, 562931
List the prime factors of 1948836.
2, 3, 23, 307
What are the prime factors of 499078?
2, 249539
List the prime factors of 553083.
3, 107, 1723
What are the prime factors of 208138?
2, 7, 14867
What are the prime factors of 3098276?
2, 101, 7669
List the prime factors of 154144.
2, 4817
List the prime factors of 192636.
2, 3, 5351
What are the prime factors of 2177653?
2177653
List the prime factors of 911504.
2, 11, 5179
What are the prime factors of 3163910?
2, 5, 316391
What are the prime factors of 10194530?
2, 5, 1019453
What are the prime factors of 2764057?
2764057
List the prime factors of 4854713.
977, 4969
What are the prime factors of 333930?
2, 3, 5, 11131
What are the prime factors of 16786505?
5, 29, 115769
List the prime factors of 5035137.
3, 23, 72973
What are the prime factors of 3271917?
3, 11, 99149
List the prime factors of 856333.
856333
What are the prime factors of 1241566?
2, 347, 1789
List the prime factors of 6955885.
5, 157, 8861
List the prime factors of 697148.
2, 19, 9173
List the prime factors of 3557528.
2, 13, 79, 433
What are the prime factors of 3102212?
2, 775553
List the prime factors of 2282846.
2, 1141423
List the prime factors of 1057783.
127, 8329
What are the prime factors of 30147762?
2, 3, 29, 173263
List the prime factors of 2157534.
2, 3, 67, 1789
What are the prime factors of 285040?
2, 5, 7, 509
What are the prime factors of 1392365?
5, 13, 31, 691
What are the prime factors of 4065533?
17, 379, 631
List the prime factors of 9944329.
9944329
What are the prime factors of 6857343?
3, 761927
List the prime factors of 305524.
2, 17, 4493
What are the prime factors of 6371379?
3, 7, 17, 661
List the prime factors of 19509840.
2, 3, 5, 7, 79
List the prime factors of 7629040.
2, 5, 47, 2029
List the prime factors of 890724.
2, 3, 199, 373
List the prime factors of 96998.
2, 11, 4409
What are the prime factors of 984842?
2, 492421
List the prime factors of 10335896.
2, 31, 71, 587
What are the prime factors of 14902631?
19, 784349
What are the prime factors of 5707337?
1489, 3833
What are the prime factors of 1679516?
2, 643, 653
What are the prime factors of 1113166?
2, 556583
List the prime factors of 1018122.
2, 3, 7, 3463
List the prime factors of 5668089.
3, 7, 17, 15877
What are the prime factors of 2268592?
2, 71, 1997
What are the prime factors of 7863370?
2, 5, 786337
List the prime factors of 1646439.
3, 79, 6947
What are the prime factors of 22921769?
13, 773, 2281
What are the prime factors of 297709?
463, 643
List the prime factors of 3935038.
2, 53, 37123
List the prime factors of 938586.
2, 3, 11, 14221
List the prime factors of 1178458.
2, 43, 71, 193
List the prime factors of 885680.
2, 5, 11071
List the prime factors of 6643604.
2, 11, 150991
What are the prime factors of 16949191?
7, 67, 71, 509
List the prime factors of 4675178.
2, 19, 123031
What are the prime factors of 5115806?
2, 31, 109, 757
What are the prime factors of 206365?
5, 149, 277
List the prime factors of 13954843.
7, 257, 7757
What are the prime factors of 3305?
5, 661
What are the prim